{"id":1967,"date":"2026-02-22T22:01:21","date_gmt":"2026-02-22T22:01:21","guid":{"rendered":"https:\/\/drymaxs.com.br\/?post_type=product&#038;p=1967"},"modified":"2026-03-06T21:17:42","modified_gmt":"2026-03-06T21:17:42","slug":"flat-box-br","status":"publish","type":"product","link":"https:\/\/drymaxs.com.br\/?product=flat-box-br","title":{"rendered":"flat box br"},"content":{"rendered":"\t\t<div data-elementor-type=\"wp-post\" data-elementor-id=\"1967\" class=\"elementor elementor-1967\">\n\t\t\t\t<div class=\"elementor-element elementor-element-2cc6828 e-flex e-con-boxed e-con e-parent\" data-id=\"2cc6828\" data-element_type=\"container\" data-e-type=\"container\">\n\t\t\t\t\t<div class=\"e-con-inner\">\n\t\t\t\t<div class=\"elementor-element elementor-element-1e412fb elementor-widget elementor-widget-video\" data-id=\"1e412fb\" data-element_type=\"widget\" data-e-type=\"widget\" data-settings=\"{&quot;video_type&quot;:&quot;hosted&quot;,&quot;controls&quot;:&quot;yes&quot;}\" data-widget_type=\"video.default\">\n\t\t\t\t<div class=\"elementor-widget-container\">\n\t\t\t\t\t\t\t<div class=\"e-hosted-video elementor-wrapper elementor-open-inline\">\n\t\t\t\t\t<video class=\"elementor-video\" src=\"https:\/\/drymaxs.com.br\/wp-content\/uploads\/2026\/02\/snaptik_7542173415608880407_v2-1-1.mp4\" controls=\"\" preload=\"metadata\" controlsList=\"nodownload\"><\/video>\n\t\t\t\t<\/div>\n\t\t\t\t\t\t<\/div>\n\t\t\t\t<\/div>\n\t\t\t\t\t<\/div>\n\t\t\t\t<\/div>\n\t\t<div class=\"elementor-element elementor-element-f514f1f e-flex e-con-boxed e-con e-parent\" data-id=\"f514f1f\" data-element_type=\"container\" data-e-type=\"container\">\n\t\t\t\t\t<div class=\"e-con-inner\">\n\t\t\t\t<div class=\"elementor-element elementor-element-6aa818c elementor-widget elementor-widget-heading\" data-id=\"6aa818c\" data-element_type=\"widget\" data-e-type=\"widget\" data-widget_type=\"heading.default\">\n\t\t\t\t<div class=\"elementor-widget-container\">\n\t\t\t\t\t<h2 class=\"elementor-heading-title elementor-size-default\">Produtividade: Aumenta a velocidade de acabamento em 3 a 4 vezes em compara\u00e7\u00e3o com m\u00e9todos manuais.\nConsist\u00eancia: Um dial de ajuste de coroa permite controlar a quantidade exata de massa aplicada, garantindo um padr\u00e3o uniforme em toda a obra.\nErgonomia: Utilizada com cabos extensores, permite trabalhar em \u00e1reas altas ou tetos sem a necessidade de escadas ou andaimes.\nAcabamento Superior: Reduz imperfei\u00e7\u00f5es como calombos ou sulcos, facilitando a etapa final de lixamento. \nDrymax\nDrymax  Equipamentos\n +1\nModelos e Marcas Recomendadas\nAs flat boxes variam principalmente em tamanho (comumente 7\", 10\" e 12\") para diferentes est\u00e1gios de acabamento<\/h2>\t\t\t\t<\/div>\n\t\t\t\t<\/div>\n\t\t\t\t\t<\/div>\n\t\t\t\t<\/div>\n\t\t\t\t<\/div>\n\t\t","protected":false},"excerpt":{"rendered":"<div class=\"ilZyRc R7mRQb\" data-wiz-uids=\"f3fTjc_2o,f3fTjc_2p,f3fTjc_2q\">\n<div aria-hidden=\"false\" data-animation-skip=\"\" data-ved=\"2ahUKEwi_pbCfju6SAxUpupUCHf-0EGAQ_sYPegYIAQgAEBU\">\n<div class=\"tbIZh wQN2Jd\">\n<div class=\"sUKAcb\"><span class=\"VndcI veK2kb\" role=\"heading\" aria-level=\"2\" data-wiz-attrbind=\"class=f3fTjc_2n\/tPhIrf\">flat box drywall<\/span><\/div>\n<\/div>\n<div class=\"UYpEO\"><\/div>\n<div class=\"dcCF7d\"><\/div>\n<\/div>\n<\/div>\n<div data-ved=\"2ahUKEwi_pbCfju6SAxUpupUCHf-0EGAQ3PkPegYIAQgAEBY\"><\/div>\n<div id=\"aim-chrome-initial-inline-async-container\" class=\"\" data-ved=\"2ahUKEwi_pbCfju6SAxUpupUCHf-0EGAQ_ZkOegYIAQgAEBc\" data-hveid=\"CAEIABAX\">\n<div data-processed=\"true\">\n<div data-container-id=\"T36baaaTDL_P1sQPq_234A4\">\n<div data-processed=\"true\"><\/div>\n<div data-processed=\"true\"><\/div>\n<div data-processed=\"true\"><\/div>\n<div data-processed=\"true\"><\/div>\n<div data-processed=\"true\"><\/div>\n<div data-processed=\"true\"><\/div>\n<\/div>\n<div><\/div>\n<div>\n<div class=\"CKgc1d\" data-scope-id=\"turn\" data-complete=\"true\">\n<div class=\"Zkbeff\" data-subtree=\"aimc\" data-wiz-uids=\"vpEkI_2\" data-ved=\"2ahUKEwiPkbSfju6SAxX8mZUCHXU7LuAQ2O0OegQIABAA\" data-hveid=\"CAAQAA\" data-complete=\"true\">\n<div class=\"pWvJNd\" data-complete=\"true\">\n<div>\n<div data-container-id=\"4\"><\/div>\n<\/div>\n<div class=\"mZJni Dn7Fzd\" dir=\"ltr\" data-container-id=\"main-col\" data-xid=\"VpUvz\" data-ved=\"2ahUKEwiPkbSfju6SAxX8mZUCHXU7LuAQ3KYQegQIABAB\">\n<div data-container-id=\"5\">\n<div class=\"Y3BBE\" data-sfc-cp=\"\" data-hveid=\"CAIQAA\" data-processed=\"true\" data-complete=\"true\">\n<div data-subtree=\"aimfl\" data-complete=\"true\">Uma<\/div>\n<p><strong class=\"Yjhzub\" data-complete=\"true\">flat box<\/strong>\u00a0(caixa de acabamento) \u00e9 uma\u00a0<mark class=\"HxTRcb\" data-sae=\"\" data-complete=\"true\">ferramenta autom\u00e1tica de gesso projetada para aplicar uma camada uniforme de massa sobre juntas planas e de topo em paredes e tetos de drywall<\/mark>. Ela economiza tempo ao distribuir e alisar a massa simultaneamente, criando um acabamento profissional com bordas niveladas<\/p>\n<\/div>\n<\/div>\n<\/div>\n<\/div>\n<\/div>\n<\/div>\n<\/div>\n<\/div>\n<\/div>\n","protected":false},"featured_media":1970,"comment_status":"open","ping_status":"closed","template":"","meta":{"site-sidebar-layout":"no-sidebar","site-content-layout":"page-builder","ast-site-content-layout":"full-width-container","site-content-style":"unboxed","site-sidebar-style":"unboxed","ast-global-header-display":"","ast-banner-title-visibility":"","ast-main-header-display":"","ast-hfb-above-header-display":"","ast-hfb-below-header-display":"","ast-hfb-mobile-header-display":"","site-post-title":"","ast-breadcrumbs-content":"","ast-featured-img":"disabled","footer-sml-layout":"","ast-disable-related-posts":"","theme-transparent-header-meta":"default","adv-header-id-meta":"","stick-header-meta":"","header-above-stick-meta":"","header-main-stick-meta":"","header-below-stick-meta":"","astra-migrate-meta-layouts":"set","ast-page-background-enabled":"default","ast-page-background-meta":{"desktop":{"background-color":"var(--ast-global-color-4)","background-image":"","background-repeat":"repeat","background-position":"center center","background-size":"auto","background-attachment":"scroll","background-type":"","background-media":"","overlay-type":"","overlay-color":"","overlay-opacity":"","overlay-gradient":""},"tablet":{"background-color":"","background-image":"","background-repeat":"repeat","background-position":"center center","background-size":"auto","background-attachment":"scroll","background-type":"","background-media":"","overlay-type":"","overlay-color":"","overlay-opacity":"","overlay-gradient":""},"mobile":{"background-color":"","background-image":"","background-repeat":"repeat","background-position":"center center","background-size":"auto","background-attachment":"scroll","background-type":"","background-media":"","overlay-type":"","overlay-color":"","overlay-opacity":"","overlay-gradient":""}},"ast-content-background-meta":{"desktop":{"background-color":"var(--ast-global-color-5)","background-image":"","background-repeat":"repeat","background-position":"center center","background-size":"auto","background-attachment":"scroll","background-type":"","background-media":"","overlay-type":"","overlay-color":"","overlay-opacity":"","overlay-gradient":""},"tablet":{"background-color":"var(--ast-global-color-5)","background-image":"","background-repeat":"repeat","background-position":"center center","background-size":"auto","background-attachment":"scroll","background-type":"","background-media":"","overlay-type":"","overlay-color":"","overlay-opacity":"","overlay-gradient":""},"mobile":{"background-color":"var(--ast-global-color-5)","background-image":"","background-repeat":"repeat","background-position":"center center","background-size":"auto","background-attachment":"scroll","background-type":"","background-media":"","overlay-type":"","overlay-color":"","overlay-opacity":"","overlay-gradient":""}}},"product_brand":[],"product_cat":[38,49],"product_tag":[],"class_list":{"0":"post-1967","1":"product","2":"type-product","3":"status-publish","4":"has-post-thumbnail","6":"product_cat-ferragens","7":"product_cat-ferramentas-ferragens","8":"desktop-align-left","9":"tablet-align-left","10":"mobile-align-left","12":"first","13":"instock","14":"sale","15":"shipping-taxable","16":"purchasable","17":"product-type-simple"},"_links":{"self":[{"href":"https:\/\/drymaxs.com.br\/index.php?rest_route=\/wp\/v2\/product\/1967","targetHints":{"allow":["GET"]}}],"collection":[{"href":"https:\/\/drymaxs.com.br\/index.php?rest_route=\/wp\/v2\/product"}],"about":[{"href":"https:\/\/drymaxs.com.br\/index.php?rest_route=\/wp\/v2\/types\/product"}],"replies":[{"embeddable":true,"href":"https:\/\/drymaxs.com.br\/index.php?rest_route=%2Fwp%2Fv2%2Fcomments&post=1967"}],"version-history":[{"count":18,"href":"https:\/\/drymaxs.com.br\/index.php?rest_route=\/wp\/v2\/product\/1967\/revisions"}],"predecessor-version":[{"id":2007,"href":"https:\/\/drymaxs.com.br\/index.php?rest_route=\/wp\/v2\/product\/1967\/revisions\/2007"}],"wp:featuredmedia":[{"embeddable":true,"href":"https:\/\/drymaxs.com.br\/index.php?rest_route=\/wp\/v2\/media\/1970"}],"wp:attachment":[{"href":"https:\/\/drymaxs.com.br\/index.php?rest_route=%2Fwp%2Fv2%2Fmedia&parent=1967"}],"wp:term":[{"taxonomy":"product_brand","embeddable":true,"href":"https:\/\/drymaxs.com.br\/index.php?rest_route=%2Fwp%2Fv2%2Fproduct_brand&post=1967"},{"taxonomy":"product_cat","embeddable":true,"href":"https:\/\/drymaxs.com.br\/index.php?rest_route=%2Fwp%2Fv2%2Fproduct_cat&post=1967"},{"taxonomy":"product_tag","embeddable":true,"href":"https:\/\/drymaxs.com.br\/index.php?rest_route=%2Fwp%2Fv2%2Fproduct_tag&post=1967"}],"curies":[{"name":"wp","href":"https:\/\/api.w.org\/{rel}","templated":true}]}}